hen 3392 is divided by 844?
16
Calculate the remainder when 129 is divided by 21.
3
Calculate the remainder when 1656 is divided by 183.
9
Calculate the remainder when 125 is divided by 27.
17
Calculate the remainder when 10730 is divided by 42.
20
Calculate the remainder when 277 is divided by 70.
67
What is the remainder when 418 is divided by 245?
173
Calculate the remainder when 586 is divided by 19.
16
Calculate the remainder when 229 is divided by 23.
22
What is the remainder when 1100 is divided by 53?
40
Calculate the remainder when 1845 is divided by 7.
4
What is the remainder when 599 is divided by 100?
99
Calculate the remainder when 103 is divided by 30.
13
Calculate the remainder when 3339 is divided by 13.
11
What is the remainder when 684 is divided by 8?
4
What is the remainder when 116 is divided by 17?
14
What is the remainder when 128 is divided by 15?
8
Calculate the remainder when 687 is divided by 231.
225
Calculate the remainder when 53 is divided by 39.
14
What is the remainder when 106 is divided by 57?
49
Calculate the remainder when 178 is divided by 77.
24
What is the remainder when 498 is divided by 143?
69
Calculate the remainder when 1254 is divided by 34.
30
Calculate the remainder when 3416 is divided by 45.
41
Calculate the remainder when 328 is divided by 98.
34
Calculate the remainder when 333 is divided by 56.
53
Calculate the remainder when 720 is divided by 30.
0
Calculate the remainder when 2400 is divided by 27.
24
Calculate the remainder when 4570 is divided by 9.
7
Calculate the remainder when 879 is divided by 16.
15
What is the remainder when 218 is divided by 13?
10
What is the remainder when 67 is divided by 6?
1
Calculate the remainder when 3263 is divided by 102.
101
Calculate the remainder when 62 is divided by 11.
7
Calculate the remainder when 12789 is divided by 52.
49
Calculate the remainder when 102 is divided by 17.
0
What is the remainder when 198 is divided by 65?
3
Calculate the remainder when 5520 is divided by 47.
21
Calculate the remainder when 4980 is divided by 106.
104
Calculate the remainder when 11591 is divided by 17.
14
Calculate the remainder when 225 is divided by 90.
45
Calculate the remainder when 1455 is divided by 14.
13
What is the remainder when 1011 is divided by 26?
23
Calculate the remainder when 951 is divided by 53.
50
Calculate the remainder when 5163 is divided by 26.
15
Calculate the remainder when 434 is divided by 215.
4
What is the remainder when 78 is divided by 4?
2
What is the remainder when 191 is divided by 15?
11
Calculate the remainder when 299 is divided by 51.
44
What is the remainder when 99 is divided by 99?
0
Calculate the remainder when 41324 is divided by 246.
242
Calculate the remainder when 1122 is divided by 45.
42
What is the remainder when 550 is divided by 111?
106
What is the remainder when 3177 is divided by 28?
13
Calculate the remainder when 323 is divided by 79.
7
What is the remainder when 4048 is divided by 50?
48
Calculate the remainder when 256 is divided by 43.
41
What is the remainder when 391 is divided by 56?
55
What is the remainder when 956 is divided by 49?
25
Calculate the remainder when 555 is divided by 94.
85
What is the remainder when 796 is divided by 89?
84
What is the remainder when 470 is divided by 108?
38
Calculate the remainder when 382 is divided by 51.
25
What is the remainder when 270 is divided by 29?
9
What is the remainder when 452 is divided by 114?
110
What is the remainder when 1669 is divided by 159?
79
Calculate the remainder when 590 is divided by 569.
21
What is the remainder when 1489 is divided by 126?
103
Calculate the remainder when 602 is divided by 230.
142
Calculate the remainder when 1245 is divided by 137.
12
What is the remainder when 218 is divided by 103?
12
Calculate the remainder when 1132 is divided by 54.
52
Calculate the remainder when 293 is divided by 76.
65
What is the remainder when 106 is divided by 23?
14
Calculate the remainder when 465 is divided by 90.
15
What is the remainder when 308 is divided by 78?
74
What is the remainder when 393 is divided by 132?
129
What is the remainder when 5734 is divided by 18?
10
Calculate the remainder when 767 is divided by 71.
57
Calculate the remainder when 67 is divided by 14.
11
Calculate the remainder when 1001 is divided by 92.
81
Calculate the remainder when 1458 is divided by 240.
18
Calculate the remainder when 598 is divided by 62.
40
Calculate the remainder when 4519 is divided by 226.
225
What is the remainder when 179 is divided by 36?
35
What is the remainder when 1444 is divided by 5?
4
What is the remainder when 116 is divided by 9?
8
What is the remainder when 259 is divided by 33?
28
Calculate the remainder when 100 is divided by 35.
30
Calculate the remainder when 1053 is divided by 62.
61
Calculate the remainder when 42447 is divided by 25.
22
Calculate the remainder when 330 is divided by 28.
22
What is the remainder when 4919 is divided by 133?
131
Calculate the remainder when 317 is divided by 88.
53
What is the remainder when 211 is divided by 36?
31
Calculate the remainder when 1751 is divided by 58.
11
What is the remainder when 152 is divided by 78?
74
Calculate the remainder when 609 is divided by 69.
57
Calculate the remainder when 267 is divided by 62.
19
What is the remainder when 222 is divided by 99?
24
What is the remainder when 403 is divided by 203?
200
What is the remainder when 2375 is divided by 33?
32
What is the remainder when 52 is divided by 10?
2
Calculate the remainder when 358 is divided by 6.
4
Calculate the remainder when 277 is divided by 57.
49
What is the remainder when 4897 is divided by 129?
124
What is the remainder when 170 is divided by 55?
5
What is the remainder when 295 is divided by 106?
83
What is the remainder when 30499 is divided by 93?
88
Calculate the remainder when 237 is divided by 48.
45
Calculate the remainder when 91 is divided by 82.
9
What is the remainder when 5300 is divided by 6?
2
What is the remainder when 2294 is divided by 328?
326
Calculate the remainder when 163 is divided by 16.
3
What is the remainder when 4184 is divided by 140?
124
Calculate the remainder when 50 is divided by 46.
4
What is the remainder when 1417 is divided by 10?
7
What is the remainder when 124 is divided by 12?
4
Calculate the remainder when 207 is divided by 63.
18
What is the remainder when 390 is divided by 89?
34
Calculate the remainder when 1593 is divided by 180.
153
Calculate the remainder when 101 is divided by 15.
11
What is the remainder when 3000 is divided by 1495?
10
What is the remainder when 741 is divided by 718?
23
What is the remainder when 2527 is divided by 8?
7
What is the remainder when 140 is divided by 24?
20
What is the remainder when 217 is divided by 45?
37
What is the remainder when 516 is divided by 155?
51
What is the remainder when 30 is divided by 11?
8
Calculate the remainder when 354 is divided by 33.
24
What is the remainder when 3667 is divided by 8?
3
What is the remainder when 3549 is divided by 53?
51
What is the remainder when 441 is divided by 28?
21
What is the remainder when 98 is divided by 14?
0
What is the remainder when 2754 is divided by 151?
36
What is the remainder when 52 is divided by 7?
3
Calculate the remainder when 4031 is divided by 36.
35
What is the remainder when 5690 is divided by 219?
215
Calculate the remainder when 676 is divided by 20.
16
Calculate the remainder when 824 is divided by 69.
65
What is the remainder when 197 is divided by 53?
38
Calculate the remainder when 18559 is divided by 20.
19
Calculate the remainder when 228 is divided by 46.
44
Calculate the remainder when 15262 is divided by 48.
46
What is the remainder when 39 is divided by 22?
17
Calculate the remainder when 192 is divided by 50.
42
Calculate the remainder when 348 is divided by 130.
88
Calculate the remainder when 170 is divided by 24.
2
Calculate the remainder when 634 is divided by 32.
26
Calculate the remainder when 1195 is divided by 63.
61
Calculate the remainder when 359 is divided by 68.
19
Calculate the remainder when 744 is divided by 83.
80
Calculate the remainder when 156 is divided by 33.
24
What is the remainder when 193 is di